se -269 - 131 = -f*m. Suppose 2*q - 4*v = 12, 0*q + 5*q + 4*v - m = 0. What is the greatest common factor of q and 144?
16
Suppose 0 = u - 0*u + 4, 56 = 3*s - 2*u. Suppose 11*v - 512 = 7*v. Suppose -6*y + v = -4*y. What is the greatest common factor of s and y?
16
Let u = -13 + 10. Let p be (u/1)/((-12)/16). Calculate the greatest common divisor of p and 4.
4
Let f(w) = 7 + 4*w**3 + 16*w - 13*w**2 - 7*w**3 + 4*w**3. Let n be f(12). Suppose -9 - 2 = -y. Calculate the greatest common factor of n and y.
11
Let q = -16 - -22. Calculate the greatest common factor of q and 24.
6
Let m(z) = -z**2 + 7*z + 9. Let f be m(7). Let d = f - -29. Calculate the greatest common factor of 57 and d.
19
Suppose 2*p = -2*s + 148, -4*s + 314 = -2*p - 0*p. Calculate the highest common divisor of s and 11.
11
Suppose 0 = 5*u - 8 - 47. Suppose -3*f = -i + 18, -2*i - 3*i + 22 = 2*f. Let v = i + u. Calculate the greatest common divisor of 17 and v.
17
Let i be (1 - 2/4)*-4. Let t = i - -5. Let x = -50 + 71. Calculate the highest common factor of t and x.
3
Let x be (-4)/14 + 1782/14. Let f = x - 71. Let g be (-3)/12 + (-29)/(-4). Calculate the highest common divisor of f and g.
7
Let x be ((-80)/(-6))/(1/6). Let l(i) = i**2 + 4*i - 5. Let a be l(-7). What is the greatest common factor of a and x?
16
Suppose -3*m = -5 + 8, 5*g - 2*m - 287 = 0. What is the greatest common divisor of g and 19?
19
Let i = -2 + 13. Suppose -5 = -4*l + i. What is the greatest common factor of 12 and l?
4
Suppose 0 = 5*s - 3*n - 70, -s - 3*n = s - 7. Suppose 0 = 4*u - 2*k - 30, 36 = 5*u - 0*u - k. Let w = s - u. Calculate the greatest common divisor of 28 and w.
4
Let r(n) = n**3 + 4*n**2 - 5*n. Let l be r(-4). Suppose -l = v + 301. Let z be (-2)/7 - v/21. Calculate the greatest common divisor of z and 15.
15
Suppose -4*i = -31 - 17. What is the highest common divisor of i and 3?
3
Suppose 23 = z + 2*u, 7 = u + 4. Let v = 33 - z. Calculate the greatest common factor of 112 and v.
16
Let t = 21 - -33. Let f be (1/2)/(1/4). Suppose -u - 18 = -f*u. Calculate the greatest common factor of u and t.
18
Suppose -4*q + 48 = -0*q. Let n = 26 + 10. Calculate the highest common divisor of q and n.
12
Suppose -2*k - 5*q + 19 = 0, 0 = -k - 4*q + 8 + 6. Suppose 0 = -k*y + 8, -y - 20 = -4*h - 0. What is the greatest common factor of h and 3?
3
Let p = -8 + 28. Suppose -3*z = z - 404. Suppose -4*r - 3*q + z + 613 = 0, -354 = -2*r - 3*q. What is the greatest common divisor of p and r?
20
Suppose n = a, -a + 6*n - 15 = 2*n. Let y(q) = -3*q + 7. Let r be y(a). Let m be r/28 + (-9)/(-7). Calculate the greatest common factor of m and 10.
1
Let v = 5 + -7. Let a = 6 + v. Suppose 4*d = -5*m + 70, -67 = -3*d + 3*m - 1. What is the highest common factor of a and d?
4
Let y be (3 - 18)/3*-7. What is the greatest common divisor of y and 245?
35
Let y(i) = i**3 - 8*i**2 + 4*i - 10. Let z be y(8). Let p(m) = -81*m - 1. Let q be p(-3). What is the greatest common factor of q and z?
22
Suppose 6 + 0 = -3*x. Let p = 2 - x. Suppose -4*y + 2*s + 90 = 0, 2*s - p*s = -6. What is the greatest common divisor of y and 60?
12
Let l(q) = -15*q - 9. Let k be l(-6). What is the highest common factor of 54 and k?
27
Suppose 0 = -2*i - 5*v + 62, -62 = -2*i - 5*v + 3*v. Calculate the greatest common factor of i and 341.
31
Let l(r) = 2*r + 21. Let h be l(8). Calculate the greatest common divisor of 185 and h.
37
Suppose -3*u - w + 5*w + 61 = 0, 4*u = 4*w + 76. Suppose -y - z + 3*z = -18, 5*y - 4*z - 66 = 0. Calculate the highest common factor of y and u.
5
Let z be (11 + 11)/(3 + -2). Calculate the greatest common factor of 2 and z.
2
Let f be (-4)/8 - (-5)/2. Suppose -i = 0, -4*i + f + 2 = 2*o. Calculate the greatest common divisor of o and 8.
2
Suppose 5*i + u = 3*u + 2508, -2*i + 5*u + 1020 = 0. Suppose 6*m = m + i. What is the greatest common factor of m and 20?
20
Let m(k) = -k**3 + 5*k**2 - 7*k + 8. Let s be m(3). What is the highest common factor of s and 5?
5
Let l(t) = t + 17*t**2 + 5*t**2 + 1 - 3. Let g be l(2). Suppose 4*m + 0*m - g = 0. Calculate the highest common factor of m and 33.
11
Suppose 4*a - 8 - 8 = 0. Suppose -2*t = 2*z - 14, 23 + 2 = a*z + 3*t. What is the highest common factor of z and 4?
4
Let a be (39/(-15))/((-3)/15). What is the highest common factor of 65 and a?
13
Suppose 5*l - 446 = -2*w, -2*l - w = -4*w - 186. What is the highest common divisor of 18 and l?
18
Suppose 5*s + 20 = -5*d, 3*d + 12 + 2 = -4*s. Let v = -5 - s. Let g be ((-6)/(-3) - v)/1. Calculate the highest common divisor of 45 and g.
5
Let c = 9 + -17. Let m be (-75)/6*c/10. Calculate the highest common divisor of 15 and m.
5
Let u be (-3 - -5)*(2 + (-159)/(-6)). What is the greatest common factor of u and 38?
19
Let n(d) = 3*d - 1. Let t(j) = 4*j - 2. Let s = -4 - -7. Let o(u) = s*n(u) - 2*t(u). Let g be o(1). What is the greatest common factor of g and 22?
2
Suppose l - 3*j = 44, -36 = 5*l + 2*j - 205. What is the greatest common divisor of 35 and l?
35
Suppose -v = 2*f - 22, -3*v + 3*f - 2*f = -31. Suppose 0 = -8*j + v*j - 24. What is the highest common factor of 18 and j?
6
Let p = 16 + -12. Suppose o + p*r = 7 + 5, 0 = 3*r + 3. Calculate the highest common divisor of o and 8.
8
Suppose -64 = -3*b + 8. Calculate the greatest common factor of b and 6.
6
Suppose -z + 6 = 3*f, -f + 80 = 5*z - 6. Let d = 0 + 2. Calculate the highest common factor of z and d.
2
Let z = -8 + 17. Let u(i) = 63*i**3 - i + 1. Let c be u(1). Calculate the highest common divisor of c and z.
9
Let a(q) = 3*q**2 + 5*q + 3. Let w be a(-3). What is the highest common factor of w and 15?
15
Suppose -4*s + i = -179, 3*s - 5*i + 117 = 6*s. Suppose -4*k - 26 = -2*j, 3*j - 3*k = -6*k + 30. Calculate the highest common divisor of j and s.
11
Suppose 0 = -4*v + 12 + 20. Let q(u) = 3*u**2 + 4*u + 2. Let g be q(-4). Let m = 90 - g. What is the greatest common divisor of v and m?
8
Let p = 23 + -11. What is the greatest common factor of 4 and p?
4
Let b = 27 - 48. Let c = 15 + b. Let z(t) = -2*t - 7. Let y be z(c). Calculate the greatest common divisor of 10 and y.
5
Let k(a) = -5*a + 24. Let o be k(0). What is the highest common factor of 3 and o?
3
Let c = -7 + 14. Suppose -j = 5, 2*i - j + 4*j - c = 0. Suppose 0 = 4*h - 37 - 51. What is the highest common divisor of h and i?
11
Let i(c) = c**3 + 7*c**2 + 3*c - 12. Let z be i(-6). Calculate the highest common factor of z and 6.
6
Let q = 10 + 2. Suppose 3*p - 3*z - q = 0, -5*p + 4*p = 3*z - 16. Calculate the highest common factor of 28 and p.
7
Let b(x) be the second derivative of x**4/12 + 3*x**3/2 + x**2 - 3*x. Let y be b(-9). Calculate the greatest common divisor of 3 and y.
1
Let m(h) = 4*h + 5. Let d be m(2). Calculate the greatest common factor of 65 and d.
13
Suppose s = 9*s - 576. Let j be ((-6)/8)/(2/(-24)). What is the greatest common factor of s and j?
9
Let d(h) = 2*h**2 + h - 2. Let t be d(2). Let k(o) = 2*o**3 - 4*o**2 - 3*o + 20. Let l be k(4). What is the greatest common divisor of t and l?
8
Let o = -130 + 232. Suppose y + 4 = 0, -2*c + 2*y + y + o = 0. Calculate the highest common factor of c and 9.
9
Suppose x - 3 = -2*d - 4, 0 = -3*x - 15. What is the highest common divisor of d and 22?
2
Let m(k) = -k**3 + 8*k**2 - k. Let r be m(8). Let w = r + 62. Suppose -6 - w = -5*l. Calculate the highest common factor of l and 8.
4
Let w be (7 + -8)/(2/26). Let n = 16 + w. Let z = -9 - -30. What is the greatest common factor of n and z?
3
Suppose -3*h + 6 = 0, 3*h - h - 28 = -4*m. Let v be (-27)/4 - 2/8. Let j be 2/v - 214/(-14). Calculate the greatest common factor of m and j.
3
Suppose 2*x + 2*g - 59 = 5*g, -46 = -3*x - 4*g. Calculate the greatest common factor of x and 55.
11
Suppose 0 = 4*p - 13 - 35. Suppose -2*q + 2 = -2*s - 4, -q + 5 = s. Suppose q*y = 2*y + 216. What is the highest common factor of y and p?
12
Let j be (12/(-15))/(2/(-25)). Let y = 12 + -17. Let l = y + j. Calculate the greatest common divisor of 5 and l.
5
Let o be (0 + -1)*-1 - 1. Suppose 3*v + 9 = o, 2*h - h - 4*v = 15. What is the greatest common factor of 1 and h?
1
Suppose b = 297 - 27. What is the highest common factor of b and 30?
30
Let f = -1 - -9. Let c be 21*2/12*f. Let h be c + -3 + 2 - 1. Calculate the highest common factor o